{"id":253,"date":"2020-05-17T15:13:40","date_gmt":"2020-05-17T15:13:40","guid":{"rendered":"http:\/\/sonnenberg-travel.de\/?page_id=253"},"modified":"2020-05-17T15:13:40","modified_gmt":"2020-05-17T15:13:40","slug":"datenschutz","status":"publish","type":"page","link":"http:\/\/sonnenberg-travel.de\/?page_id=253","title":{"rendered":"Datenschutz"},"content":{"rendered":"\n<h1>Datenschutzvereinbarungen<\/h1>\n\n\n\n<p>In dieser Datenschutzerkl\u00e4rung informieren wir Sie \u00fcber die Verarbeitung Ihrer personenbezogenen Daten.<\/p>\n\n\n\n<p>Sofern Sie Ihre Datenschutzeinstellungen \u00e4ndern m\u00f6chten (Einwilligungen erteilen oder bereits erteilte Einwilligungen widerrufen), klicken Sie\u00a0<a href=\"info@sonnenbergtravel.de\">hier\u00a0<\/a>um Ihre Einstellungen zu \u00e4ndern.<\/p>\n\n\n\n<h2>Verantwortlich<\/h2>\n\n\n\n<p>Nina Sonnenberg, Sonnenberg Travel, 29614 Soltau, DE, <a href=\"info@sonnenbergtravel.de\">E-Mail<\/a> <a href=\"http:\/\/01742927222\" target=\"_blank\" rel=\"noreferrer noopener\">Telefonnummer<\/a><\/p>\n\n\n\n<h2>Hosting Provider<\/h2>\n\n\n\n<h3>Strato<\/h3>\n\n\n\n<p>Wir hosten unsere Website bei unserem Auftragsverarbeiter&nbsp;<a target=\"_blank\" href=\"https:\/\/www.strato.de\/\" rel=\"noreferrer noopener\">Strato<\/a>, Strato AG, Pascalstra\u00dfe 10, 10587 Berlin, Deutschland.<\/p>\n\n\n\n<p>Zum Zweck der Bereitstellung und der Auslieferung der Website werden Verbindungsdaten verarbeitet. Zum blo\u00dfen Zweck der Auslieferung und Bereitstellung der Website werden die Daten \u00fcber den Aufruf hinaus nicht gespeichert.<\/p>\n\n\n\n<p>Die Rechtsgrundlage f\u00fcr die Datenverarbeitung ist das berechtigte Interesse (unbedingte technische Notwendigkeit zur Bereitstellung und Auslieferung des von ihnen durch Ihren Aufruf ausdr\u00fccklich gew\u00fcnschten Dienstes \u201cWebsite\u201d) gem\u00e4\u00df Art. 6 Abs. 1 lit. f DSGVO.<\/p>\n\n\n\n<p>Zum Betrieb der Website werden die Verbindungsdaten und weitere personenbezogenen Daten zus\u00e4tzlich im Rahmen diverser anderer Funktionen bzw. Dienste verarbeitet. Dar\u00fcber wird im Rahmen dieser Datenschutzerkl\u00e4rung bei den einzelnen Funktionen bzw. Diensten im Detail informiert.<\/p>\n\n\n\n<h2>Kontaktformular<\/h2>\n\n\n\n<p>Auf unserer Website besteht die M\u00f6glichkeit, durch ein Kontaktformular direkt mit uns in Kontakt zu treten. Nach Absenden des Kontaktformulars erfolgt eine Verarbeitung der von ihnen eingegebenen personenbezogenen Daten durch den Verantwortlichen zum Zweck der Bearbeitung Ihrer Anfrage auf Grundlage der von ihnen durch das Absenden des Formulars erteilten Einwilligung gem. Art. 6 Abs. 1 lit. a DSGVO bis auf Widerruf.<br>Es besteht keine gesetzliche oder vertragliche Verpflichtung zur Bereitstellung der personenbezogenen Daten. Die Nichtbereitstellung hat lediglich zur Folge, dass Sie Ihr Anliegen nicht \u00fcbermitteln und wir dieses nicht bearbeiten k\u00f6nnen.<\/p>\n\n\n\n<h2>Analysedienste<\/h2>\n\n\n\n<h3>Google Analytics<\/h3>\n\n\n\n<p>Im Fall der Erteilung Ihrer Einwilligung verarbeiten wir mit dem Dienst&nbsp;<a target=\"_blank\" href=\"https:\/\/analytics.google.com\/\" rel=\"noreferrer noopener\">Google Analytics<\/a>, Google LLC, Amphitheatre Parkway, Mountain View, CA 94043, USA, als gemeinsame Verantwortliche Ihre personenbezogenen Daten zum Zweck der Fehleranalyse und der statistischen Auswertung unserer Website. Die Nichterteilung der Einwilligung hat auf die Funktion der Website keine unmittelbare Auswirkung, ohne statistische Daten wird uns jedoch die Weiterentwicklung der Website erschwert. Eine bereits erteilte Einwilligung k\u00f6nnen Sie widerrufen, indem Sie die&nbsp;<a target=\"_blank\" href=\"https:\/\/lauramatzen-fotografie.de\/datenschutz\/#\" rel=\"noreferrer noopener\">Datenschutzeinstellungen<\/a>&nbsp;\u00e4ndern.<\/p>\n\n\n\n<p>Wir erm\u00f6glichen dem Dienst die Erhebung von Verbindungsdaten, Daten ihres Webbrowsers und Daten \u00fcber die aufgerufenen Inhalte sowie die Ausf\u00fchrung von Analysesoftware und die Speicherung von Daten auf ihrem Endger\u00e4t. Der Dienst anonymisiert die erhobenen Daten unmittelbar nach der Erhebung und stellt uns die anonymen Daten in Form von Statistiken zur Auswertung zur Verf\u00fcgung. Wir nutzen diese Statistiken zur Fehlerbehebung und zur Weiterentwicklung unserer Website. Die Daten auf ihrem Endger\u00e4t werden f\u00fcr die Dauer von bis zu zwei Jahren gespeichert.<\/p>\n\n\n\n<p>Die Rechtsgrundlage f\u00fcr die Datenverarbeitung ist Ihre Einwilligung gem\u00e4\u00df Art. 6 Abs 1 lit. a DSGVO. Die Rechtsgrundlage f\u00fcr die \u00dcbermittlung in die USA ist der Durchf\u00fchrungsbeschluss der EU-Kommission&nbsp;<a target=\"_blank\" href=\"https:\/\/op.europa.eu\/en\/publication-detail\/-\/publication\/c183d956-57a6-11e6-89bd-01aa75ed71a1\/language-de\/\" rel=\"noreferrer noopener\">C\/2016\/4176<\/a>&nbsp;sowie die erfolgte&nbsp;<a target=\"_blank\" href=\"https:\/\/www.privacyshield.gov\/participant?id=a2zt000000001L5AAI\" rel=\"noreferrer noopener\">Privacy Shield Zertifizierung<\/a>.<\/p>\n\n\n\n<h2>Widerspruchsrecht<\/h2>\n\n\n\n<p>Sofern die Verarbeitung Ihrer personenbezogenen Daten auf Grundlage des berechtigten Interesses erfolgt, haben Sie das Recht gegen dieser Verarbeitung zu widersprechen.<\/p>\n\n\n\n<p>Sofern keine zwingenden schutzw\u00fcrdigen Gr\u00fcnde f\u00fcr die Verarbeitung unsererseits vorliegen, wird die Verarbeitung Ihrer Daten auf Basis dieser Rechtsgrundlage eingestellt.<\/p>\n\n\n\n<p>Zudem haben Sie das Recht, der Verarbeitung Ihrer personenbezogenen Daten zum Zweck der Direktwerbung zu widersprechen. Im Fall des Widerspruchs werden Ihre personenbezogenen Daten nicht mehr zum Zweck der Direktwerbung verarbeitet.<\/p>\n\n\n\n<p>Die Rechtm\u00e4\u00dfigkeit der bis zum Widerspruch verarbeiteten Daten wird durch den Widerspruch nicht ber\u00fchrt.<\/p>\n\n\n\n<h2>Widerrufsrecht<\/h2>\n\n\n\n<p>Sie haben das Recht eine bereits erteilte Einwilligung jederzeit zu widerrufen, indem Sie die&nbsp;<a target=\"_blank\" href=\"https:\/\/lauramatzen-fotografie.de\/datenschutz\/#\" rel=\"noreferrer noopener\">Datenschutzeinstellungen<\/a>&nbsp;\u00e4ndern.<\/p>\n\n\n\n<p>Im Fall der Einwilligung in den Erhalt elektronischer Werbung kann der Widerruf Ihrer Einwilligung durch Klick auf den Abmeldelink erfolgen. In diesem Fall wird eine Verarbeitung, sofern keine andere Rechtsgrundlage besteht, eingestellt.<\/p>\n\n\n\n<p>Die Rechtm\u00e4\u00dfigkeit der bis zum Widerruf verarbeiteten Daten wird durch den Widerruf nicht ber\u00fchrt.<\/p>\n\n\n\n<h2>Betroffenenrechte<\/h2>\n\n\n\n<p>Sie haben zudem das Recht auf Auskunft, Berichtigung, L\u00f6schung und Einschr\u00e4nkung der Verarbeitung der personenbezogenen Daten.<\/p>\n\n\n\n<p>Soweit die Rechtsgrundlage der Verarbeitung Ihrer personenbezogenen Daten in Ihrer Einwilligung oder in einem mit Ihnen abgeschlossenen Vertrag besteht, haben Sie \u00fcberdies das Recht auf Daten\u00fcbertragbarkeit.<\/p>\n\n\n\n<p>Weiters haben Sie das Recht auf Beschwerde bei der Aufsichtsbeh\u00f6rde. N\u00e4here Informationen zu den Aufsichtsbeh\u00f6rden in der Europ\u00e4ischen Union finden Sie&nbsp;<a target=\"_blank\" href=\"https:\/\/ec.europa.eu\/justice\/article-29\/structure\/data-protection-authorities\/index_en.htm\" rel=\"noreferrer noopener\">hier<\/a>.<\/p>\n","protected":false},"excerpt":{"rendered":"<p>Datenschutzvereinbarungen In dieser Datenschutzerkl\u00e4rung informieren wir Sie \u00fcber die Verarbeitung Ihrer personenbezogenen Daten. Sofern Sie Ihre Datenschutzeinstellungen \u00e4ndern m\u00f6chten (Einwilligungen erteilen oder bereits erteilte Einwilligungen widerrufen), klicken Sie\u00a0hier\u00a0um Ihre Einstellungen zu \u00e4ndern. Verantwortlich Nina Sonnenberg, Sonnenberg Travel, 29614 Soltau, DE, E-Mail Telefonnummer Hosting Provider Strato Wir hosten unsere Website bei unserem Auftragsverarbeiter&nbsp;Strato, Strato AG, Pascalstra\u00dfe &hellip; <\/p>\n","protected":false},"author":1,"featured_media":0,"parent":0,"menu_order":0,"comment_status":"closed","ping_status":"closed","template":"","meta":[],"_links":{"self":[{"href":"http:\/\/sonnenberg-travel.de\/index.php?rest_route=\/wp\/v2\/pages\/253"}],"collection":[{"href":"http:\/\/sonnenberg-travel.de\/index.php?rest_route=\/wp\/v2\/pages"}],"about":[{"href":"http:\/\/sonnenberg-travel.de\/index.php?rest_route=\/wp\/v2\/types\/page"}],"author":[{"embeddable":true,"href":"http:\/\/sonnenberg-travel.de\/index.php?rest_route=\/wp\/v2\/users\/1"}],"replies":[{"embeddable":true,"href":"http:\/\/sonnenberg-travel.de\/index.php?rest_route=%2Fwp%2Fv2%2Fcomments&post=253"}],"version-history":[{"count":1,"href":"http:\/\/sonnenberg-travel.de\/index.php?rest_route=\/wp\/v2\/pages\/253\/revisions"}],"predecessor-version":[{"id":254,"href":"http:\/\/sonnenberg-travel.de\/index.php?rest_route=\/wp\/v2\/pages\/253\/revisions\/254"}],"wp:attachment":[{"href":"http:\/\/sonnenberg-travel.de\/index.php?rest_route=%2Fwp%2Fv2%2Fmedia&parent=253"}],"curies":[{"name":"wp","href":"https:\/\/api.w.org\/{rel}","templated":true}]}}